f - -29. List the prime factors of q.
2
What are the prime factors of -17*1*(-3 - -2)?
17
Let z(p) = -43*p**2. Let g be z(1). Let a = -22 - g. List the prime factors of (-2)/7 + 174/a.
2
Let x(p) = 2*p**2 - p + 125. List the prime factors of x(0).
5
Suppose 2*o + 7 + 9 = n, -n + 4 = 0. Let c(j) = j + 4. Let k be c(4). Let b = o + k. List the prime factors of b.
2
Let t(m) = 3 - 3 + 5 - m. Let c be t(7). Let y(d) = d**3 + 3*d**2 - 3*d - 1. What are the prime factors of y(c)?
3
Let z(v) = -v**3 + 4*v**2 + 5*v + 5. Let x be z(5). Let y be x*18 - (-9 - -12). Suppose -5*g + y = -13. List the prime factors of g.
2, 5
Let c = 6 + -2. Suppose -5*w + 135 = 2*y, 4*w + c*y = 5*y + 95. What are the prime factors of w/2 - (-5)/(-10)?
2, 3
Let t(j) = 9*j + 23. List the prime factors of t(10).
113
Let j(g) = g + 8. Let t be j(-4). Suppose 3*r + 10 = t*k - 0, 4*k = 16. What are the prime factors of r?
2
Let p(k) = k**3 + 5*k**2 + 5*k - 1. Let b = 0 - 4. Let r be p(b). Let x(a) = a**3 + 4*a**2 - 6*a + 6. List the prime factors of x(r).
11
What are the prime factors of 159/2*(-2 + (-16)/(-6))?
53
Let m = 5 + 5. Let p(c) = -c**2 + 13*c - 15. List the prime factors of p(m).
3, 5
Let d = 10 + -8. Let t = -4 - -2. List the prime factors of 6*(-1)/(t/d).
2, 3
Let i(n) = 113*n - 56. List the prime factors of i(4).
2, 3, 11
Let x = 9 + -8. Let d be (4 - 3)/1 - x. List the prime factors of d + 3 + 0 - -14.
17
Suppose 0 = x + 3*g - 13, -6*x = -x - 3*g - 137. List the prime factors of x.
5
Let j(h) = 2*h - 7. Suppose 5*r + 5*x = 3*r + 4, -2*r - 4*x = -4. Suppose -3*p = -0*g - 4*g - 21, 0 = -r*g. What are the prime factors of j(p)?
7
Let m(v) = -5*v - 11. What are the prime factors of m(-5)?
2, 7
Suppose 49 = 5*d - 36. What are the prime factors of d?
17
Let v(w) = w**3 + 8*w**2 + 5*w + 6. List the prime factors of v(-7).
2, 5
List the prime factors of 2/(-8)*516/(-3).
43
Suppose -2*h - 4*c + 42 = 12, 3*c = -h + 11. What are the prime factors of h?
23
Suppose -3*u + 4*u - 2 = 0, 0 = -i - 4*u + 85. List the prime factors of i.
7, 11
Suppose 0 = 5*k - k - 32. Suppose -3*o + 35 = 2*s - 29, o = 2*s + k. List the prime factors of o.
2, 3
Let u(z) = -z**3 + 7*z**2 - 6*z + 2. Let q be u(4). Suppose a - 5*b - q = -b, -4*a + 24 = 4*b. Let v = a - 5. What are the prime factors of v?
5
Let b(q) = q**2 + 7*q**2 + 2 + q + q. What are the prime factors of b(-1)?
2
Let r(a) = -a**2 + 6*a + 1. Let p(g) = -3*g - 1. Let d(t) = -5*p(t) - 3*r(t). Let w(f) be the first derivative of d(f). What are the prime factors of w(2)?
3
List the prime factors of -2 + (-7)/(21/(-195)).
3, 7
Let w(o) = 13*o - 21. List the prime factors of w(4).
31
Let m be (-582)/15 + 1/(-5). What are the prime factors of 4 + -2 - (m - 0)?
41
Let h(c) = -20*c - 19. Let n(u) = 5*u + 5. Let p(j) = 2*h(j) + 9*n(j). Let y be p(-5). What are the prime factors of 2*3/y*-42?
2, 7
Suppose -3*z + 31 + 32 = 0. List the prime factors of z.
3, 7
Let l = -4 - -4. Suppose l*f = -3*o - f + 29, 0 = -o + 3*f + 23. List the prime factors of o.
11
Let b(r) = -14*r**3 + 2*r + 1. Suppose -2*i - 4*p - 2 = 0, 0 = 4*i + 4*p + 4. What are the prime factors of b(i)?
13
Let d = 12 - 6. Suppose 2*h - d = -2*h - 3*b, -10 = 5*h - 5*b. What are the prime factors of 0 + 5 + h + 0?
5
Suppose -4*m + 2*a = -190, 0 = 3*m - 6*m + a + 141. Let o = -18 + m. Suppose o = 5*q - 2. What are the prime factors of q?
2, 3
Let q be -28 + 0/(-1 + 2). Let t = q - -39. Let s = 23 - t. What are the prime factors of s?
2, 3
Let h(f) = -f**2 + 19*f - 13. What are the prime factors of h(16)?
5, 7
Let s = -249 + 368. What are the prime factors of s?
7, 17
Let r = -3 - -3. Suppose r = -0*b - 2*b - 3*s - 11, -5*b - 4*s = 10. List the prime factors of 4/b*3/1.
2, 3
Let v = 83 + -32. What are the prime factors of v?
3, 17
Let g be -7 + 2 + 1 + -3. List the prime factors of g*(0 - (4 + -2)).
2, 7
What are the prime factors of -2 - -1 - (134/(-1) + -1)?
2, 67
Suppose h - 4 = -r, -2*h + r - 4 = -6*h. Let k = h - -12. List the prime factors of k.
2, 3
Let g(w) = 8*w**2 - 8*w + 14. List the prime factors of g(2).
2, 3, 5
Suppose 2*z - 2*q = 51 + 353, 4*z + 2*q = 826. What are the prime factors of z?
5, 41
List the prime factors of (-24)/18*(-375)/2.
2, 5
Let n(x) = 2*x - 4. Let c(z) = -5*z + 8. Let r(v) = -6*c(v) - 13*n(v). What are the prime factors of r(7)?
2
Suppose -5 = -4*y + 3. Let i(a) = -2*a + 0 - 4 + 2 - y. What are the prime factors of i(-12)?
2, 5
Let n(c) be the first derivative of 7*c**3/3 + 3*c**2/2 - 4*c - 10. List the prime factors of n(2).
2, 3, 5
Let g(v) = v. Let u be g(2). Suppose -q + 0*q + u*p = 3, -p = -2*q + 6. Suppose 5*i + 4*m = 50, -q*i + 41 = -3*m - 44. What are the prime factors of i?
2, 7
Let m(c) = 2*c**2 - 3*c - 3. Suppose 0 = -4*g + g - 9. What are the prime factors of m(g)?
2, 3
Let m(z) = -5*z. What are the prime factors of m(-7)?
5, 7
Let z(f) = -5*f + 10. What are the prime factors of z(-5)?
5, 7
Suppose 2*n = 8 + 14. List the prime factors of n.
11
Suppose 0 = -4*m - j - 185, 2*j = -0*m + m + 53. Let b = -11 - m. Suppose 2*k + 2*k = b. List the prime factors of k.
3
Suppose -2*p + 4*p - 16 = 0. What are the prime factors of p?
2
List the prime factors of -4 + (-209)/(-2) + 1/2.
101
Let s(i) = -i - 8. Let n be s(-8). Suppose -9 = 2*k + 5*b - 43, n = -5*k + 3*b + 54. What are the prime factors of k?
2, 3
Suppose 0 = 3*n - a - 5, 7*n - 5*n - 8 = -4*a. Let y(p) = -2*p + 5. Let o be y(-4). Suppose -o = -m - 4*v, m + n*v - 15 = -0*m. List the prime factors of m.
17
What are the prime factors of 6/(-4) + (-476)/(-8)?
2, 29
Suppose -3*u = 3*d + 82 - 529, 0 = -3*u + 2*d + 422. List the prime factors of u.
2, 3
Suppose 20*r - 4582 = 1758. What are the prime factors of r?
317
Let k = -2 + 4. Let n be (k/4)/(1/4). Suppose -n*u + 4*j = 2*j - 24, 3*j = 4*u - 46. List the prime factors of u.
2, 5
What are the prime factors of 2 - 1 - (-1040)/8?
131
Let s be (-15)/(-2)*4/3. Let u = -8 - -16. Let i = s - u. What are the prime factors of i?
2
Let b(o) = o**3 - 3*o + 2. Let d be b(2). Suppose t + 11 = 3*p, 3 = -d*p - 3*t - 4. Suppose -q = p - 4. What are the prime factors of q?
2
Let s = 8 + -1. What are the prime factors of s?
7
Suppose -252 = 2*w + 4*p, -5*w + 0*p + p - 630 = 0. Let y = 66 + w. List the prime factors of 4/5*y/(-8).
2, 3
Let b be 0 + (-2 - -4) + 0. Let r be 5/3 + b/6. Suppose 18 = r*g - 4. List the prime factors of g.
11
Suppose 2*t = -10*a + 6*a + 1284, 4*a = 3*t + 1264. What are the prime factors of a?
11, 29
Suppose -99 = 11*l - 12*l. List the prime factors of l.
3, 11
Suppose 0 = 2*k + 2*k. Let m = -5 + 14. Let p = m + k. What are the prime factors of p?
3
Suppose -4*y - 4*l = -2*l - 34, -40 = -5*y - 2*l. Suppose 7 = 3*q + 2*m, -3*q - 2*m - 23 = -y*q. List the prime factors of q.
5
Suppose -3*q = -2*q - 43. List the prime factors of q.
43
Suppose -143 - 133 = -4*b. List the prime factors of b.
3, 23
Let z = -27 - -36. List the prime factors of z.
3
Let r(w) = 6*w - 13*w - 5*w - 8*w. What are the prime factors of r(-1)?
2, 5
List the prime factors of 165*(9/18 - 3/18).
5, 11
Let w(y) = y**2 - 3*y - 8. Suppose -3*x = -2*x - 7. Suppose x + 17 = 4*s. List the prime factors of w(s).
2, 5
Let m be ((-3 - 0)*1)/(-1). Suppose -m*n = -5*i, 2*i + 0*n = 2*n - 4. Suppose -i*t = t - 56. What are the prime factors of t?
2, 7
Suppose 0 = y - 8 - 5. Suppose 3*s + 5*d - 32 - 11 = 0, 3*s - d - y = 0. List the prime factors of s.
2, 3
Let r(y) = 5*y - 4. Let b(o) = -3 - 4 + o**3 + 3*o**2 - 2 + 4 - 6*o. Let m be b(-4). List the prime factors of r(m).
11
Let f = 363 - 233. What are the prime factors of f?
2, 5, 13
Let t(r) = 6*r + 1. What are the prime factors of t(2)?
13
Let m(g) be the third derivative of 2*g**5/15 + g**4/24 + 4*g**2. Let z = -3 + 4. What are the prime factors of m(z)?
3
List the prime factors of -4 + -1 + 2 - -27.
2, 3
Suppose -138 = -7*t + 16. What are the prime factors of t?
2, 11
Suppose -3*v + 27 = -132. Suppose 0 = 5*r + 18 - v. List the prime factors of r.
7
Let m = 3 - -1. Suppose -4*f = m*k - 16, 0 = -f + 5*k - 4*k. Suppose -f*b = -3*b + 9. What are the prime factors of b?
3
Let t = -132 - -270. What are the prime factors of t?
2, 3, 23
Let s be (5/(-4))/(2/(-40)). Let o(g) = g**3 + 5*g**2 - 3*g + 2. Let f be o(3). Suppose -5*r = -5